prime number?
False
Let c be (37645*2)/(19 + -18). Suppose 5*b - 4*y + y = c, -2*y - 45175 = -3*b. Is b composite?
True
Suppose 6*a - 17818 = 8648. Is a a prime number?
False
Let a be (-69 - -99)*(3 + (-24)/9). Let g be -9*(-1)/(-4)*132. Let z = a - g. Is z prime?
True
Let d(i) = -12 - 23 - 8*i - 1 + 18 + 133*i**2. Is d(-5) a composite number?
False
Let v(t) = -2*t + 21. Let q be v(9). Suppose q = 4*u - 5. Suppose u*z + 177 = 5*z. Is z composite?
False
Is (-2)/(8/(-1104798))*((-2744)/(-84))/49 a prime number?
True
Is 294799 - -9*220/198 a composite number?
False
Suppose 7*s + 0*s - 1789743 = -163720. Is s composite?
True
Let u = 2063 - -2442. Let n = u + 5628. Is n composite?
False
Suppose 4*b - 37 = -5*f, 7*b + 10 = 2*b. Suppose -f*w + w = -14072. Is w a prime number?
True
Let a(s) = -1611*s + 974. Is a(-5) prime?
True
Suppose -24720*o + 24711*o = -149733. Is o prime?
False
Let h = 581535 - 275548. Is h prime?
False
Is 295*(-1164)/20*(-9)/27 composite?
True
Let v(q) = 355*q**2 + 85*q + 784. Is v(-9) a prime number?
False
Let z(x) = -x + 10*x**2 - 12*x + 0*x + 2*x**2 + 64. Let c be 156/10 + ((-161)/35 - -4). Is z(c) a prime number?
False
Let o be 15*12/18*(-1)/(-2). Suppose -o*r + k = -17850, 3*r = 18*k - 15*k + 10698. Is r prime?
True
Suppose -2*m - 266724 = -8*v + m, 3*v + 5*m = 99997. Let x = v + -13178. Is x prime?
True
Suppose 66*c = 10*c - 63*c + 16426879. Is c composite?
False
Is 178/(-9 - (6 - (-1001077)/(-66737))) composite?
True
Let d(n) be the second derivative of 5*n**3/3 - 15*n**2/2 - 9*n. Let g be d(2). Suppose -8543 + 1498 = -g*b. Is b a prime number?
True
Let k = 46 + -43. Let p be 2 + (10 - k) + -4. Suppose -5*b - 4677 = -5*z + 14468, 4*b - 19163 = -p*z. Is z a prime number?
False
Suppose 6535 = f - m - 2996, -m = -5*f + 47639. Suppose 0 = -46*o + 53*o - f. Is o composite?
False
Suppose 505*x = 1071405 - 174020. Is x prime?
True
Suppose -16848865 - 6430489 = -254*b. Is b a prime number?
False
Let a = -210399 - -311158. Is a a composite number?
True
Is 6956718/552*2*2 a prime number?
True
Suppose -6*u - 7*u = -169. Suppose 228023 + 14908 = u*b. Is b a prime number?
False
Suppose -9664 = -13*g + 12*g. Suppose -3*l = 5*d - g, -l + 2369 = -4*d - 858. Is l a composite number?
True
Suppose 0 = 34*j + 29*j - 28*j - 550445. Is j composite?
False
Let m = -40 - -40. Suppose -3*u + m + 12 = 0. Is (36/8)/9 + 1778/u a prime number?
False
Let d(v) = 21629*v - 1030. Is d(7) a prime number?
True
Let w = 4310 - 3017. Let j = w + 2054. Is j a prime number?
True
Suppose 27*d + d = 0. Suppose 5*r - 8828 = -4*a - d*a, -4414 = -2*a + r. Is a prime?
True
Suppose -4*v + 2*i + 0*i = -80, 3*v - 60 = 3*i. Suppose -80237 = -v*y + 78183. Is y prime?
False
Suppose -2*v = -4*o + 22, 9*v = 2*o + 11*v - 2. Let n(k) = 225*k - 69. Is n(o) composite?
True
Is (4 + -10)/(8/(-426772)) + -2 a composite number?
True
Is (8723751/(-116))/(-3 + 27/12) a composite number?
True
Suppose 5*g + 1607336 = 4*x, -401823 = -2122*x + 2121*x + 4*g. Is x a composite number?
False
Suppose 4*w + 118 + 135 = 5*r, -2*w = -r + 119. Let n = -51 - w. Let f = n - -31. Is f composite?
False
Suppose c + 0*c + 4414 = 0. Let x = c - -2624. Is ((-42)/(-30))/((-2)/x) a prime number?
False
Let v be (-654)/(-26) - 14/91. Suppose 3*q - 42 = 4*t, -3*t - 2*q + q - 25 = 0. Is 5*v - (7 + t) a prime number?
True
Let c(k) = 16*k**3 + 4*k**2 - 8*k + 3. Let a(m) = m**3 + 2*m**2 + m + 7. Let w be a(-2). Is c(w) composite?
False
Let v = -26 + 30. Suppose 7648 = 4*j + 3*l, v*l + 3802 = -4*j + 6*j. Is j prime?
False
Let i = 221 - 219. Suppose -i*j - 14*j + 48176 = 0. Is j composite?
False
Let l(h) = -41*h + 9. Let u be (-3)/12 + 174/(-8). Let m = 9 + u. Is l(m) a prime number?
False
Let i be (-312)/(-16)*4/6. Suppose 5*l + 5*u - 5 = 0, -u = -5*l - i + 42. Suppose -6*m = 2*n - 4*m - 72, 2*n - l*m - 93 = 0. Is n a prime number?
False
Suppose 2*s = -4*f - 15 + 91, 5*f - 108 = 4*s. Suppose f*u + 15 = 25*u. Suppose -u*t + 4*t - 4365 = -4*n, 1095 = n + 4*t. Is n a prime number?
True
Suppose 6*p - 9*p = -45. Suppose 5*l - 2*l = -q + p, q = 0. Suppose 0*r + 3028 = 2*r - d, l*r + 5*d = 7555. Is r composite?
True
Let u = -1334 + 1813. Is u composite?
False
Suppose 29*f - 26*f - a = 1239579, 0 = -5*f - a + 2065949. Is f a composite number?
True
Let i = 65997 - 37236. Is i composite?
True
Suppose 0 = 21*x - 519710 - 32417 + 55666. Is x a prime number?
False
Suppose -2*f = 3*f + 400. Let j = 1444 + f. Suppose -5*k + 3*p - 513 + j = 0, -4*p - 177 = -k. Is k composite?
True
Suppose 9*b = 5*b + 12. Let g(t) = 22*t**3 - t**2 - 12*t + 22. Let w be g(2). Suppose b*r + w = 5*r. Is r prime?
False
Let o(p) = 71*p**2 + 5*p + 22. Let z = -306 + 299. Is o(z) a prime number?
False
Let c(u) = 9*u**2 + 9*u + 5. Let z be c(-12). Let q = 656 - z. Is q*(-1)/(-2)*4/(-6) prime?
True
Let s(d) = -d**2. Let g(x) = 5035*x**2 - 3*x - 2. Let p(m) = g(m) - 3*s(m). Suppose -3*v = -5*j + 23, 11 = 2*j + 3. Is p(v) prime?
True
Let f(h) = -30*h - 24*h**2 - 2*h**3 + 15*h**3 + h - 14*h**3 - 49. Is f(-24) a prime number?
True
Suppose o + 2232338 = 5*x, 15*x + 2*o - 892928 = 13*x. Is x composite?
True
Let r(u) = 4*u**2 + 41*u - 10. Let o be 4 - ((-350)/(-12) - 16/96). Is r(o) a composite number?
True
Let g(z) = 9114*z**2 + 106*z - 517. Is g(5) prime?
False
Let v = -401 - -403. Let x be (-1 - -1) + 169 - 1. Suppose 0 = -v*d - x + 550. Is d a prime number?
True
Let i(r) = 5*r**3 + 3*r**2 + 17*r - 334. Is i(17) prime?
False
Let q(m) = 2*m**2 - m - 7. Let l(p) = p**2 - 6. Let j(s) = -4*l(s) + 3*q(s). Let z be j(1). Suppose -y + 149 = 3*b - 6*b, 0 = -z*b. Is y a composite number?
False
Let g(p) = -2*p**3 - 3*p**2 + 5*p - 11. Let y(k) = -k. Let m(n) = -14*n - 6. Let d(c) = -m(c) + 12*y(c). Let z be d(-8). Is g(z) a composite number?
True
Suppose p + 60 + 88 = 0. Let d = -1877 - -1472. Let o = p - d. Is o prime?
True
Let k = -269 - -272. Suppose k*i - 2*x = 1118 + 4721, 3*i + x - 5833 = 0. Is i prime?
False
Let z(s) = -23173*s + 2. Let g be z(-2). Is g/8 + (25/(-10))/5 prime?
False
Let b(t) = 356 - 328*t - 311 + 1077*t. Is b(2) a prime number?
True
Let o = 141 + -149. Let x(q) = -432*q + 35. Is x(o) composite?
False
Suppose 2*o - 4*o = -8*o. Suppose i - 2*m + 2 = o, -i = 2*m - 0 - 14. Is i/(-10) - (-12376)/85 a composite number?
True
Is (-588993 - 30)/(-1) + (-1 - 1) a prime number?
True
Let v(k) = 656*k**3 + 66*k**2 - 6*k + 7. Is v(6) prime?
False
Suppose 2*f = -1129 + 387. Let a = f - -1020. Is a a composite number?
True
Let i be (-14)/91 - (1 + (-265256)/26). Let n = i + -4532. Is n a prime number?
True
Suppose -22*c - 2*c + 269900 = -283948. Is c a composite number?
True
Let u be (-6)/(-36)*0*(-1)/3. Suppose 3*p + 4*y - 5076 = y, 3*p - 2*y - 5081 = u. Is p a composite number?
False
Let n(w) = 59*w + 53*w - 4 + 173*w**2 + 55*w - 171*w. Is n(3) composite?
True
Suppose -2*m + 0*m + 419843 = 16081. Is m a composite number?
False
Suppose 0 = -3*l - 4*z - 4 - 0, 0 = 2*l + z - 4. Suppose -9*i - l*i = -16705. Is i prime?
False
Is (-26)/(1170/(-3316113)) - (-1 - 14/(-10)) prime?
False
Let t(i) = -2*i + 2. Let y be t(2). Let r(u) = 2*u**2 + 8*u + 8. Let s be r(-2). Is 2 - (4 - s) - -223 - y composite?
False
Let p(j) = -j + 1 + 8*j - 2*j**2 - j**2 - 3*j. Let v be p(-4). Let d = 250 + v. Is d a prime number?
False
Let y be 4/(-14)*1 - (-30864)/28. Suppose -2*i + 4*p = -y, -4*i - 264 = 2*p - 2498. Let l = i - 304. Is l a composite number?
True
Let o = -147 + 143. Is -2 + 1 - (o - 44000/5) prime?
True
Let d = -459 - -317. Let o = -105 - d. Is o prime?
True
Suppose -8820 = -43*l + 49*l. Let x = 4177 + l. Is x composite?
False
Suppose 5*w = w + 44. Let c(f) = 0*f**2 - 11*f**3 + 4*f**2 + 27 - 10 + 2*f - w. Is c(-5) a prime number?
True
Suppose 41815 = 2*s + h, -h + 1321 = 5*s - 103227. Is s a prime number?
False
Let y = 5371 - -13246. Is y a composite number?
False
Let n(m) = 2*m - 7. Let x(g) = 6*g - 20. Let c(d) = 8*n(d) - 3*x(d). Let v be c(-24). Suppose v = 2*o - 2*l, 4*l = 2*o + 3*o - 135. Is o a prime number?
True
Is 592501/14 - (-5 - 0 - 49/(-14)) a composite number?
False
Let t(a) = 808*a**3 - 2*a**2 + 8*a - 23. Is t(2) prime?
True
Let o(r) = 179*r**2 + 20*r - 4. Let f(t) = t + 15. Let m be f(-8). Is o(m) a prime number?
False
Let r = -1264331 - -1915660. Is r prim